{"id":15,"date":"2019-04-03T19:52:47","date_gmt":"2019-04-03T19:52:47","guid":{"rendered":"https:\/\/joint.x10.mx\/joint\/?page_id=15"},"modified":"2019-05-14T18:19:43","modified_gmt":"2019-05-14T18:19:43","slug":"paginas-web","status":"publish","type":"page","link":"https:\/\/joint.x10.mx\/joint\/paginas-web\/","title":{"rendered":"P\u00e1ginas Web"},"content":{"rendered":"\n<div class=\"wp-container-4 wp-block-columns has-3-columns\">\n<div class=\"wp-container-1 wp-block-column\">\n<h2>P\u00e1gina a tu medida<\/h2>\n\n\n\n<p>Dise\u00f1amos y programamos el sitio web seg\u00fan las necesidades de tu negocio, con el contenido ideal para aumentar tus conversiones. <\/p>\n<\/div>\n\n\n\n<div class=\"wp-container-2 wp-block-column\">\n<h2>Mejoramos la Experiencia<\/h2>\n\n\n\n<p>Para aumentar tus ventas y que el usuario permanezca en tu p\u00e1gina web, es importante crear un sitio c\u00f3modo para su navegaci\u00f3n, prestando atenci\u00f3n a los detalles como contenido, velocidad de carga y estructura.<\/p>\n<\/div>\n\n\n\n<div class=\"wp-container-3 wp-block-column\">\n<h2 id=\"mce_12\">Conocemos de Lenguajes<\/h2>\n\n\n\n<p>\n\n Contamos con profesionales y el conocimiento para crear u optimizar tu sitio web en cualquier lenguaje de programaci\u00f3n, ya sea HTML5, CS3, PHP, JS, Python, as\u00ed como adaptar tu portal a sistemas CMS, Word Press, Drupal, Shoppify y m\u00e1s. \n\n<\/p>\n<\/div>\n<\/div>\n\n\n\n<h1 id=\"wp-block-themeisle-blocks-advanced-heading-8d769d02\" class=\"wp-block-themeisle-blocks-advanced-heading wp-block-themeisle-blocks-advanced-heading-8d769d02\" style=\"color:#cf2e2e;font-style:normal;text-transform:none\"><mark>Paquetes<\/mark><\/h1>\n\n\n\n<div class=\"wp-container-8 wp-block-columns has-3-columns\">\n<div class=\"wp-container-5 wp-block-column\"><p style=\"text-align: left;\"><br \/><br \/><!--StartFragment--><\/p>\n\n\n<h2 id=\"wp-block-themeisle-blocks-advanced-heading-8e32b9db\" class=\"wp-block-themeisle-blocks-advanced-heading wp-block-themeisle-blocks-advanced-heading-8e32b9db\" style=\"color:#d12e77;font-style:normal;text-transform:none\">Inicia<\/h2>\n\n\n\n<p><strong>Dise\u00f1o:<\/strong>&nbsp;Personalizado<br><strong>Secciones:<\/strong>&nbsp;3-5 informativas<br><strong>Responsivo a:<\/strong>&nbsp;Desktop \/ Tablet \/ M\u00f3vil<br><strong>Autoadministrable:<\/strong>&nbsp;Si<br><strong>Complementos:<\/strong><br>\u2022 Formulario de contacto<br>\u2022 Chat (1 agente)<br>\u2022 Blog<br><strong>Optimizado para B\u00fascadores:&nbsp;<\/strong>B\u00e1sico<br><strong>Herramientas de Google\u00ae<\/strong><br>\u2022 Google Maps\u00ae<br>\u2022 Google Analytics\u00ae<\/p>\n\n\n\n<p><strong>Dise\u00f1o de Perfil Social:<\/strong>&nbsp;1<br><strong>Dominio Propio:<\/strong>&nbsp;S\u00ed, sin costo por un a\u00f1o.<br><strong>Hosting JR y correos electr\u00f3nicos:<\/strong>&nbsp;S\u00ed, sin costo por un a\u00f1o.<\/p>\n\n\n\n<div class=\"wp-block-button aligncenter\"><a class=\"wp-block-button__link has-background has-vivid-cyan-blue-background-color\">Contratar<\/a><\/div>\n\n\n<p><!--EndFragment--><br \/><br \/><\/p><\/div>\n\n\n\n<div class=\"wp-container-6 wp-block-column\"><p><br \/><br \/><!--StartFragment--><\/p>\n\n\n<h2 id=\"wp-block-themeisle-blocks-advanced-heading-0c86293a\" class=\"wp-block-themeisle-blocks-advanced-heading wp-block-themeisle-blocks-advanced-heading-0c86293a\" style=\"color:#d12e77;font-style:normal;text-transform:none\">Crece<\/h2>\n\n\n\n<p><strong>Dise\u00f1o:<\/strong>&nbsp;Personalizado<br><strong>Secciones:<\/strong>&nbsp;3-5 informativas<br><strong>Responsivo a:<\/strong>&nbsp;Desktop \/ Tablet \/ M\u00f3vil<br><strong>Autoadministrable:<\/strong>&nbsp;Si<br><strong>Complementos:<\/strong><br>\u2022 Formulario de contacto<br>\u2022 Chat (1 agente)<br>\u2022 Blog<br><strong>Optimizado para B\u00fascadores:&nbsp;<\/strong>B\u00e1sico<br><strong>Herramientas de Google\u00ae<\/strong><br>\u2022 Google Maps\u00ae<br>\u2022 Google Analytics\u00ae<\/p>\n\n\n\n<p><strong>Dise\u00f1o de Perfil Social:<\/strong>&nbsp;1<br><strong>Dominio Propio:<\/strong>&nbsp;S\u00ed, sin costo por un a\u00f1o.<br><strong>Hosting JR y correos electr\u00f3nicos:<\/strong>&nbsp;S\u00ed, sin costo por un a\u00f1o.<\/p>\n\n\n\n<div class=\"wp-block-button aligncenter\"><a class=\"wp-block-button__link has-background has-vivid-red-background-color\">Contratar<\/a><\/div>\n\n\n<p><!--EndFragment--><br>\n<br>\n<\/p><\/div>\n\n\n\n<div class=\"wp-container-7 wp-block-column\"><p><br \/><br \/><!--StartFragment--><\/p>\n\n\n<h2 id=\"wp-block-themeisle-blocks-advanced-heading-4d998328\" class=\"wp-block-themeisle-blocks-advanced-heading wp-block-themeisle-blocks-advanced-heading-4d998328\" style=\"color:#d12e77;font-style:normal;text-transform:none\">Impulsa<\/h2>\n\n\n\n<p><strong>Dise\u00f1o:<\/strong>&nbsp;Personalizado<br><strong>Secciones:<\/strong>&nbsp;3-5 informativas<br><strong>Responsivo a:<\/strong>&nbsp;Desktop \/ Tablet \/ M\u00f3vil<br><strong>Autoadministrable:<\/strong>&nbsp;Si<br><strong>Complementos:<\/strong><br>\u2022 Formulario de contacto<br>\u2022 Chat (1 agente)<br>\u2022 Blog<br><strong>Optimizado para B\u00fascadores:&nbsp;<\/strong>B\u00e1sico<br><strong>Herramientas de Google\u00ae<\/strong><br>\u2022 Google Maps\u00ae<br>\u2022 Google Analytics\u00ae<\/p>\n\n\n\n<p><strong>Dise\u00f1o de Perfil Social:<\/strong>&nbsp;1<br><strong>Dominio Propio:<\/strong>&nbsp;S\u00ed, sin costo por un a\u00f1o.<br><strong>Hosting JR y correos electr\u00f3nicos:<\/strong>&nbsp;S\u00ed, sin costo por un a\u00f1o.<\/p>\n\n\n\n<div class=\"wp-block-button aligncenter\"><a class=\"wp-block-button__link has-text-color has-very-light-gray-color has-background has-luminous-vivid-amber-background-color\">Contratar<\/a><\/div>\n\n\n<p><!--EndFragment--><br>\n<br>\n<\/p><\/div>\n<\/div>\n","protected":false},"excerpt":{"rendered":"<p>P\u00e1gina a tu medida Dise\u00f1amos y programamos el sitio web seg\u00fan las necesidades de tu negocio, con el contenido ideal para aumentar tus conversiones. Mejoramos la Experiencia Para aumentar tus ventas y que el usuario permanezca en tu p\u00e1gina web, es importante crear un sitio c\u00f3modo para su navegaci\u00f3n, prestando atenci\u00f3n a los detalles como&hellip; <br \/> <a class=\"read-more\" href=\"https:\/\/joint.x10.mx\/joint\/paginas-web\/\">Leer m\u00e1s<\/a><\/p>\n","protected":false},"author":1,"featured_media":0,"parent":0,"menu_order":0,"comment_status":"closed","ping_status":"closed","template":"","meta":[],"_links":{"self":[{"href":"https:\/\/joint.x10.mx\/joint\/wp-json\/wp\/v2\/pages\/15"}],"collection":[{"href":"https:\/\/joint.x10.mx\/joint\/wp-json\/wp\/v2\/pages"}],"about":[{"href":"https:\/\/joint.x10.mx\/joint\/wp-json\/wp\/v2\/types\/page"}],"author":[{"embeddable":true,"href":"https:\/\/joint.x10.mx\/joint\/wp-json\/wp\/v2\/users\/1"}],"replies":[{"embeddable":true,"href":"https:\/\/joint.x10.mx\/joint\/wp-json\/wp\/v2\/comments?post=15"}],"version-history":[{"count":28,"href":"https:\/\/joint.x10.mx\/joint\/wp-json\/wp\/v2\/pages\/15\/revisions"}],"predecessor-version":[{"id":176,"href":"https:\/\/joint.x10.mx\/joint\/wp-json\/wp\/v2\/pages\/15\/revisions\/176"}],"wp:attachment":[{"href":"https:\/\/joint.x10.mx\/joint\/wp-json\/wp\/v2\/media?parent=15"}],"curies":[{"name":"wp","href":"https:\/\/api.w.org\/{rel}","templated":true}]}}